 a + 112. Let w be k(0). Let x = 49 + -45. Suppose -9*y = -x*y - 80. What is the greatest common factor of w and y?
16
Let h(u) = 2*u - 7. Let c be h(5). Suppose 2*y = 3*f + 162, c*y - 3*f - 244 = 2*f. What is the greatest common factor of y and 117?
39
Let v = 46 - 39. Suppose 3*z - 174 = -3*x, z = -2*z + 5*x + 214. Calculate the highest common divisor of v and z.
7
Suppose 0 = 3*k - 12 - 0. Suppose k*z - 105 = -z. What is the highest common divisor of 42 and z?
21
Suppose -7 - 3 = -5*l. Suppose l*n - g - 64 = 3*g, 0 = 4*g + 16. Let v = -3 + n. What is the greatest common divisor of 105 and v?
21
Let m = 2 - 0. Suppose f + 8 = -3*f, -3*q + 5*f = 11. Let h(p) = p**2 + 4*p - 7. Let j be h(q). What is the greatest common factor of j and m?
2
Let x(c) be the second derivative of -2*c**3/3 + c**2/2 - 3*c. Let h be 6/9*18/(-4). Let s be x(h). What is the greatest common divisor of 26 and s?
13
Let i(h) = -3*h**2 - 33*h - 30. Let g be i(-7). Calculate the greatest common factor of g and 702.
54
Let u be 22 + (-5)/(0 - -5). Suppose u + 63 = 4*f. What is the greatest common factor of f and 84?
21
Let s = 452 - 789. Let z = s + 472. What is the highest common factor of 15 and z?
15
Suppose 0 = 14*n - 12*n - 24. What is the highest common factor of 108 and n?
12
Let n = -316 - -337. What is the greatest common factor of 49 and n?
7
Suppose 2*s + 4 = s, 4*g + 4*s = 0. Let h be g/20 - (-879)/5. Let u be (144/30)/(3/10). What is the highest common divisor of u and h?
16
Let j be (-2*(-48)/15)/((-2)/(-5)). Suppose 11 = y + 3. What is the greatest common factor of y and j?
8
Suppose -5*k + 1713 - 1468 = 0. Calculate the greatest common factor of k and 35.
7
Suppose -3*o - 2*o + 20 = 0. Suppose -o*l + 98 - 2 = 0. Let u = 128 - l. What is the highest common divisor of 13 and u?
13
Let w(l) = -l**3 - 13*l**2 - 24*l. Let s be w(-12). Calculate the greatest common factor of 496 and s.
16
Let c(q) = 1098*q - 88. Let j be c(2). Calculate the highest common divisor of 68 and j.
68
Suppose -9305 - 6964 = -51*p. Calculate the highest common factor of p and 116.
29
Suppose -2*s + 167 = 2*j - 513, 4*j = -3*s + 1360. Calculate the highest common divisor of 180 and j.
20
Suppose 2 = -3*x - 16. Let o = x - -8. Suppose f = u - 2*f - 79, 0 = 5*u + o*f - 344. What is the greatest common divisor of 14 and u?
14
Let r = 216 + -131. Calculate the highest common divisor of 34 and r.
17
Let x = 1 + 48. Let y = x + -85. Let v = 236 + y. Calculate the greatest common factor of v and 20.
20
Let x = 25 + -14. Suppose 3*w = -4*j + 39, -5*j + 5*w - 23 = -7*j. Suppose -10*b + j*b + x = 0. What is the highest common factor of b and 77?
11
Let a = -774 + 924. Calculate the highest common factor of 40 and a.
10
Let u be -3*(-1 - 11/(-3)). Let t be (-205)/(-10) - (-4)/u. Suppose 2*d = -0 + 4. What is the highest common factor of d and t?
2
Suppose 0 = 2*z - 4 - 4. Calculate the highest common factor of 64 and z.
4
Let z = -37 + 42. Suppose 68 = 3*q - w, -5*q - z*w = -3*w - 95. Suppose 0 = 3*t - 99 - 90. Calculate the highest common factor of q and t.
21
Let u(h) = -14*h + 152. Let k be u(-12). Calculate the highest common divisor of k and 256.
64
Suppose -7 = 3*t + 5, -5*t - 148 = -4*r. Let a be (22/(-8))/((-8)/r). Let q = 239 - 118. What is the highest common divisor of q and a?
11
Suppose 2*c - 10 + 0 = -2*f, 0 = 3*c - 5*f - 15. Let q(s) = 2*s - 5. Let a be q(c). Calculate the highest common divisor of a and 40.
5
Suppose 0 = -4*l + 152 - 20. Let p be (12/8)/((-3)/(-14)). Suppose -p*y = -157 - 305. What is the highest common divisor of l and y?
33
Let y be (-1995)/(-245) + 3/(-21). Suppose -3*l = -2*j - 13, 3*j = 3*l + l - 17. What is the greatest common divisor of y and j?
1
Suppose -5*w = -5*s + 45, -28 = -4*s + s + 2*w. Suppose -5*v + 25 = u, 0*u = -2*v + 5*u + s. Let j = -37 + 72. Calculate the highest common divisor of v and j.
5
Let y(p) be the second derivative of 2*p**3/3 + 8*p**2 + 22*p. Let t be y(4). What is the highest common factor of 8 and t?
8
Let u = 1422 - 642. What is the greatest common divisor of u and 624?
156
Suppose 4*b = 0, 2*g - 32 + 128 = 4*b. Let r = g + 80. Calculate the greatest common factor of 32 and r.
32
Let m be -6*5*4/6. Let p = m + 36. What is the greatest common factor of 16 and p?
16
Suppose k + 4*g = -3*k - 68, 20 = -2*k + 5*g. Let t(f) = -f**3 - 14*f**2 + 14*f - 5. Let u be t(k). What is the highest common divisor of 10 and u?
10
Let q(i) = 9*i - 6. Let d = 1 + 11. Suppose 4*u - d = u. Let p be q(u). What is the greatest common divisor of p and 6?
6
Suppose 3*z - 808 = 392. What is the highest common factor of 25 and z?
25
Suppose -z + 3136 = 48*z. What is the highest common divisor of 96 and z?
32
Suppose 37*r = 33*r + 44. Suppose r*w - 900 = 6*w. Let g be (-303)/(-15) - 2/10. Calculate the highest common factor of g and w.
20
Suppose -24*x - 3225 = -29*x + 5*k, -4*k = x - 640. Calculate the greatest common factor of 184 and x.
92
Suppose c = 88 - 12. Let i = -48 + c. Calculate the highest common factor of i and 112.
28
Let l = 162 - 38. What is the highest common factor of l and 4?
4
Suppose 3*u - 5 - 22 = 0. Suppose 3*l - u = 18. Calculate the greatest common divisor of 99 and l.
9
Let u = -1 - 3. Let c = u - -31. Let w = 32 + -29. Calculate the greatest common factor of w and c.
3
Let u(k) be the first derivative of 2*k**2 - 12*k - 13. Let s be u(6). What is the highest common divisor of s and 84?
12
Let o be (-50)/(-4)*-1 - 1/(-2). Let b be 2/o*-1 + (-2247)/(-126). What is the greatest common factor of 24 and b?
6
Let f be 9 + (-1 - (1 + 2)). Let w be ((-28)/4)/(f/(-10)). Calculate the greatest common divisor of w and 14.
14
Suppose 27*n - 147 = 20*n. Calculate the highest common factor of 3 and n.
3
Let g be (-4)/(-14) + (-89)/(-7). Let t be (2 - 4)/(8/(-52)*2/4). Calculate the highest common divisor of t and g.
13
Let p be 2 + (2/4)/((-8)/(-2272)). What is the highest common divisor of 32 and p?
16
Suppose 0 = -3*p + 115 - 10. Suppose 25*b = 29*b - 56. What is the greatest common divisor of p and b?
7
Let r(t) = -16*t + 2. Let l be r(-4). Let x be ((-621)/33)/(-1) + 12/l. What is the greatest common divisor of x and 57?
19
Suppose -5*x = 2*v - 1, v = -3*v - 4*x + 20. Suppose v*q - 42 = 654. Calculate the highest common factor of 58 and q.
29
Let d(x) = -x**3 - 5*x**2 - 8*x - 5. Let i be d(-3). Calculate the highest common divisor of 13 and i.
1
Let d = 647 + 569. What is the greatest common factor of 76 and d?
76
Suppose 4*n = 7*n - 495. Suppose -5*f = 4*k - 148, -5*f + 2*k + 3*k = -175. Suppose 2*x + 2 - f = 0. Calculate the highest common divisor of x and n.
15
Suppose 4*i - 2*j - 26 = -0*j, -28 = -4*i + 4*j. Suppose -4*y - 26 = -i. Let d(a) = -17*a + 6. Let f be d(y). What is the highest common divisor of 13 and f?
13
Suppose 2*c = -x + 694, -x + 285 = 5*c - 415. Calculate the highest common factor of 30 and x.
30
Suppose 10 = -0*r + 5*r. Suppose y + 4*y + 3*x - 21 = 0, 4 = r*y - x. Calculate the highest common divisor of y and 3.
3
Suppose 20*i - 5 = 15*i. Let z be (100/(-15) + 4)*(-2 - i). Suppose 0*w - 2*w + 16 = 0. Calculate the greatest common factor of w and z.
8
Suppose -10*n + 9*n + 226 = 3*a, -3*a + 228 = 3*n. Calculate the highest common divisor of a and 105.
15
Let z(h) be the first derivative of h**3/3 + 3*h**2 - 7*h - 5. Let v be z(-7). Let y = 10 + v. Calculate the greatest common divisor of y and 80.
10
Let u = 38 - 32. Suppose 5*g + u - 76 = 0. Calculate the greatest common divisor of g and 14.
14
Suppose -m + 12*o - 12 = 15*o, 2*m + 2*o + 4 = 0. Calculate the highest common factor of 2 and m.
1
Let j be 3 + 6/(-3) + (0 - 0). Let u(m) = 20*m + 2. Let i be u(j). What is the greatest common divisor of i and 11?
11
Let b be (1 + 2/(-8))*4. Let p be (-402)/(-12)*6/b. Suppose 3*w + 7 = p. What is the highest common factor of 5 and w?
5
Let w(f) = 26*f - 386. Let x be w(16). Calculate the highest common factor of 24 and x.
6
Let w = -2171 + 4246. Calculate the highest common factor of 83 and w.
83
Suppose -4*q + 2*q - 16 = -3*f, 0 = 5*f + 3*q + 5. Suppose 141 - 21 = f*c. Suppose -2*j = 7 - 47. What is the highest common divisor of j and c?
20
Let s be 112/10 + 28/(-140). Let x be 8 + s - 12/(-3). Calculate the highest common 